 multiple of 17?
False
Does 14 divide 4270?
True
Is 18 a factor of 1959?
False
Is 69557 a multiple of 12?
False
Is 5097 a multiple of 14?
False
Does 17 divide 5185?
True
Is 36224 a multiple of 128?
True
Is 60 a factor of 6360?
True
Is 72 a factor of 8049?
False
Is 4720 a multiple of 4?
True
Is 184 a multiple of 92?
True
Is 28420 a multiple of 20?
True
Does 109 divide 6257?
False
Does 55 divide 4708?
False
Is 12 a factor of 2766?
False
Is 12 a factor of 126?
False
Is 96 a factor of 25797?
False
Is 8 a factor of 2275?
False
Does 35 divide 3288?
False
Does 15 divide 105?
True
Is 27288 a multiple of 148?
False
Is 29436 a multiple of 66?
True
Does 21 divide 252?
True
Is 30 a factor of 417?
False
Is 12 a factor of 14208?
True
Does 22 divide 5200?
False
Is 156 a factor of 70668?
True
Does 14 divide 434?
True
Is 95 a factor of 7978?
False
Does 76 divide 4195?
False
Is 1164 a multiple of 11?
False
Is 35340 a multiple of 12?
True
Does 19 divide 19?
True
Does 13 divide 19656?
True
Is 40 a factor of 1520?
True
Does 15 divide 1185?
True
Does 8 divide 388?
False
Does 2 divide 1155?
False
Is 3781 a multiple of 2?
False
Is 10 a factor of 2030?
True
Does 3 divide 1353?
True
Is 8 a factor of 436?
False
Is 717 a multiple of 87?
False
Is 36360 a multiple of 90?
True
Does 3 divide 20329?
False
Does 25 divide 38227?
False
Is 20970 a multiple of 18?
True
Is 149757 a multiple of 209?
False
Does 7 divide 1872?
False
Does 48 divide 11707?
False
Is 15 a factor of 214?
False
Does 20 divide 24620?
True
Is 16456 a multiple of 121?
True
Is 989 a multiple of 23?
True
Is 611 a multiple of 22?
False
Does 23 divide 128?
False
Is 300 a multiple of 3?
True
Does 17 divide 6290?
True
Is 178 a factor of 24647?
False
Is 123 a factor of 128?
False
Is 10 a factor of 5336?
False
Is 41 a factor of 2533?
False
Is 5325 a multiple of 75?
True
Does 2 divide 74?
True
Is 40 a factor of 62450?
False
Does 6 divide 5622?
True
Does 10 divide 800?
True
Is 1180 a multiple of 36?
False
Is 1458 a multiple of 54?
True
Is 11340 a multiple of 28?
True
Does 100 divide 2065?
False
Is 2280 a multiple of 15?
True
Is 12870 a multiple of 15?
True
Does 12 divide 84?
True
Is 9 a factor of 2295?
True
Is 67 a factor of 19279?
False
Does 11 divide 7128?
True
Does 38 divide 501?
False
Is 22 a factor of 4523?
False
Does 144 divide 3312?
True
Does 230 divide 33120?
True
Is 50 a factor of 45850?
True
Does 155 divide 50530?
True
Does 20 divide 6843?
False
Does 43 divide 43?
True
Is 66 a factor of 15312?
True
Is 12 a factor of 3180?
True
Is 9 a factor of 1447?
False
Is 75 a factor of 958?
False
Does 30 divide 207?
False
Does 6 divide 3714?
True
Is 168 a multiple of 7?
True
Is 1968 a multiple of 16?
True
Is 3 a factor of 870?
True
Is 1083 a multiple of 19?
True
Does 21 divide 2184?
True
Does 32 divide 1878?
False
Is 45606 a multiple of 11?
True
Does 8 divide 81?
False
Is 14 a factor of 1316?
True
Does 26 divide 7254?
True
Is 11 a factor of 11?
True
Is 120 a multiple of 12?
True
Is 19772 a multiple of 18?
False
Is 236 a factor of 32442?
False
Is 44 a multiple of 18?
False
Does 115 divide 2576?
False
Is 21 a factor of 5735?
False
Is 3972 a multiple of 12?
True
Does 15 divide 156?
False
Is 128 a factor of 14720?
True
Is 39619 a multiple of 17?
False
Does 26 divide 408?
False
Is 5402 a multiple of 73?
True
Is 850 a multiple of 17?
True
Is 162 a multiple of 3?
True
Does 12 divide 8208?
True
Is 12947 a multiple of 107?
True
Is 4265 a multiple of 98?
False
Is 21879 a multiple of 11?
True
Does 9 divide 23156?
False
Is 602 a multiple of 14?
True
Is 78 a multiple of 6?
True
Is 76 a factor of 456?
True
Does 66 divide 7656?
True
Does 9 divide 37743?
False
Does 9 divide 1253?
False
Is 9 a factor of 864?
True
Is 27 a factor of 1780?
False
Is 1376 a multiple of 16?
True
Is 1772 a multiple of 30?
False
Is 31523 a multiple of 71?
False
Is 14 a multiple of 3?
False
Does 9 divide 3960?
True
Does 55 divide 990?
True
Is 20844 a multiple of 12?
True
Does 88 divide 5811?
False
Is 145665 a multiple of 13?
True
Is 12 a factor of 2876?
False
Is 117 a factor of 11115?
True
Is 8 a factor of 23168?
True
Is 74 a factor of 2812?
True
Does 25 divide 27228?
False
Is 206 a multiple of 4?
False
Is 140 a multiple of 4?
True
Is 7 a factor of 2253?
False
Is 320 a multiple of 80?
True
Does 215 divide 9675?
True
Is 8 a factor of 164?
False
Is 204 a multiple of 3?
True
Is 3 a factor of 903?
True
Is 571 a multiple of 2?
False
Does 6 divide 772?
False
Is 158 a factor of 42818?
True
Is 1424 a multiple of 26?
False
Is 14525 a multiple of 7?
True
Does 5 divide 1757?
False
Is 614 a multiple of 2?
True
Is 2592 a multiple of 48?
True
Does 84 divide 23360?
False
Does 22 divide 1034?
True
Does 105 divide 29820?
True
Is 1343 a multiple of 79?
True
Is 74 a multiple of 37?
True
Is 320 a multiple of 10?
True
Does 7 divide 33838?
True
Does 54 divide 83?
False
Is 77 a factor of 28212?
False
Does 17 divide 833?
True
Is 2 a factor of 811?
False
Is 4426 a multiple of 71?
False
Is 9 a factor of 335?
False
Is 42515 a multiple of 11?
True
Does 15 divide 2595?
True
Does 91 divide 23569?
True
Does 5 divide 380?
True
Is 170 a factor of 26860?
True
Is 89754 a multiple of 7?
True
Is 1957 a multiple of 19?
True
Does 59 divide 6012?
False
Is 11460 a multiple of 43?
False
Is 918 a multiple of 27?
True
Does 18 divide 342?
True
Is 54570 a multiple of 214?
True
Is 746 a multiple of 8?
False
Is 31 a factor of 31519?
False
Does 25 divide 14020?
False
Is 1694 a multiple of 22?
True
Does 54 divide 59516?
False
Does 12 divide 2064?
True
Is 49 a factor of 417?
False
Is 169 a factor of 31832?
False
Does 7 divide 176?
False
Is 14 a factor of 224?
True
Is 54 a factor of 3132?
True
Is 6032 a multiple of 104?
True
Does 79 divide 1027?
True
Is 26 a factor of 186?
False
Is 31 a factor of 4944?
False
Does 15 divide 53250?
True
Does 92 divide 56580?
True
Is 112 a factor of 28896?
True
Is 10 a factor of 75257?
False
Does 42 divide 5922?
True
Is 6 a factor of 727?
False
Is 218 a multiple of 3?
False
Is 522 a multiple of 29?
True
Is 71 a factor of 297?
False
Does 14 divide 1358?
True
Is 5 a factor of 2720?
True
Is 2665 a multiple of 6?
False
Is 854 a multiple of 15?
False
Is 1536 a multiple of 64?
True
Does 30 divide 16230?
True
Is 500 a multiple of 4?
True
Is 31947 a multiple of 69?
True
Is 11 a factor of 21671?
False
Does 107 divide 6313?
True
Is 39 a factor of 26170?
False
Is 2694 a multiple of 2?
True
Is 2017 a multiple of 2?
False
Does 28 divide 2249?
False
Does 19 divide 16084?
False
Does 4 divide 2653?
False
Does 9 divide 854?
False
Does 4 divide 1334?
False
Is 8388 a multiple of 233?
True
Is 3 a factor of 72?
True
Is 23 even?
False
Does 3 divide 605?
False
Is 2458 a multiple of 62?
False
Is 29220 a multiple of 20?
True
Is 7 a factor of 2478?
True
Is 5 a factor of 11891?
False
Does 11 divide 1350?
False
Does 4 divide 1192?
True
Is 8395 a multiple of 2?
False
Is 77 a factor of 7248?
False
Is 7 a factor of 1289?
False
Does 35 divide 111?
False
Does 77 divide 112112?
True
Is 1488 a multiple of 60?
False
Is 35 a factor of 630?
True
Is 117 a multiple of 50?
False
Does 55 divide 10120?
True
Is 720 a multiple of 18?
True
Is 31 a factor of 1813?
False
Is 46 a factor of 94?
False
Is 140 a multiple of 16?
False
Is 14 a factor of 1626?
False
Is 1816 a multiple of 12?
False
Does 16 divide 719?
False
Does 83 divide 44364?
False
Is 69303 a multiple of 19?
False
Is 14220 a multiple of 17?
False
Is 3 a factor of 105?
True
Is 2987 a multiple of 29?
True
Is 1904 a multiple of 72?
False
Is 40 a factor of 3863?
False
Is 8 a factor of 1408?
True
Is 557 a multiple of 16?
False
Is 363 a multiple of 2?
False
Is 386 a multiple of 4?
False
Does 3 divide 4584?
True
Does 5 divide 775?
True
Is 258 a multiple of 45?
False
Is 12 a factor of 1356?
True
Does 9 divide 1856?
False
Does 82 divide 1230?
True
Is 50 a factor of 2373?
False
Is 7 a factor of 1393?
True
Is 175 a factor of 15925?
True
Is 11 a factor of 121?
True
Does 81 divide 29160?
True
Is 21 a factor of 567?
True
Is 9 a factor of 31258?
False
Is 74096 a multiple of 6?
False
Is 151 a multiple of 114?
False
Does 12 divide 5760?
True
Is 1127 a multiple of 49?
True
Does 14 divide 15316?
True
Does 7 divide 12327?
True
Is 15 a factor of 32970?
True
Does 84 divide 168?
True
Is 36